o, 33 = 3*k + k - 5*o. Suppose -k*u - 40 = 3*u. What is the units digit of (-9)/6 - 116/u?
3
Let h(z) = 2*z**3 + 6*z**2 - 5. Let j be h(-4). Let c(u) = -u**3 - 12*u**2 - 15*u + 43. Let m be c(-7). Let v = j - m. What is the units digit of v?
0
Let m(n) = -n**2 - 34*n - 125. What is the tens digit of m(-27)?
6
Let u = -79 - -84. Suppose -u*m + 0*m = -520. What is the hundreds digit of m?
1
Suppose 0 = 4*s - 53 + 13. Let y = s + -8. Suppose y*g + 4*g - 150 = 0. What is the units digit of g?
5
Let a = 640 - 394. Suppose -a = -2*p - p. What is the units digit of p?
2
Let a(b) = -b**3 - 10*b**2 + 14*b + 18. Let n(t) = -3*t**3 - 29*t**2 + 42*t + 53. Let f(w) = -8*a(w) + 3*n(w). What is the tens digit of f(-9)?
5
Let t(s) = 5*s**3 + 2*s**2 - s + 2. Let g(h) = -6*h**3 - h**2 - 2. Let c(i) = -6*g(i) - 7*t(i). Let n be c(7). Let a = n + 13. What is the units digit of a?
1
Suppose 1783 = 7*x - 1927. Suppose 4*g - x = 402. What is the hundreds digit of g?
2
Suppose -15*u = -28*u + 78. Suppose -4*x + u + 6 = 0. What is the units digit of x?
3
Suppose -3*b - 4*x - 8 = 0, 2*b - 4*x = -0*b + 28. Suppose 5*h + 4*o - 901 = 0, -b*o + 2 = -14. What is the hundreds digit of h?
1
Let m(x) = -1 - 14*x - 2 - 10*x. Suppose 82*p - 72*p = -20. What is the units digit of m(p)?
5
Suppose u + 2 = 0, -2*t - 2*t + 5*u = -34. Suppose 3*n = 3*v - 14 - 4, n - 4*v = -t. What is the units digit of 27/n*2*-1?
9
Let g = -25 + 41. Let f = g - 5. Let q = f - -6. What is the units digit of q?
7
Suppose -5*a = -11*a + 18. Suppose -4*k = a*f - 202, -5*f - 5*k = 114 - 454. What is the units digit of f?
0
Let h = -3 + 6. Let v be 8 + -3 + 3 + h. Suppose -2*x + v + 45 = 0. What is the tens digit of x?
2
What is the units digit of (362 - (-1 - -5) - -2)*5?
0
Suppose 13 = 7*u - 99. Let k = -14 + 73. Suppose -k = u*m - 17*m. What is the units digit of m?
9
Let d be (-2)/2 + 2 + 5. Let v be 3 - 26*(-3)/d. Suppose x = 2*x - v. What is the units digit of x?
6
Let i be 0 + 1 + (5 - -3 - 5). Suppose i*d - 4*f = 172, -3*d - d + f = -166. What is the tens digit of d?
4
Let t(c) = -196*c - 62. What is the units digit of t(-3)?
6
Suppose 0 = -3*a + 35 - 8. Suppose 13*h - 204 = a*h. What is the units digit of h?
1
Let c = 2300 + -1580. What is the tens digit of c?
2
Let q(s) be the third derivative of s**4/24 + 2*s**3/3 - s**2. Suppose -3*c = 3*j - 39, 11 = 2*c - 5*j - 1. What is the tens digit of q(c)?
1
Let d(a) = 64*a**2 - 13*a + 49. What is the units digit of d(3)?
6
Suppose 0 = 4*w - 4*d - 0*d - 268, 66 = w - 2*d. Let n = w - -18. What is the units digit of n?
6
Let s = 44 + -40. Suppose 0 = -s*q + 237 - 101. What is the tens digit of q?
3
Suppose 4*h - 3*h + 19 = 0. Let o = h + 3. Let z(x) = x**2 + 13*x + 15. What is the tens digit of z(o)?
6
What is the hundreds digit of 12/6*27709/22?
5
Suppose -292*s + 303*s = 11671. What is the thousands digit of s?
1
Let t(o) = -o**3 + 7*o**2 + 3*o - 7. Suppose 15 = 4*a - 37. Suppose -2 = -3*u + a. What is the units digit of t(u)?
8
What is the units digit of 40*517/6 + 180/(-108)?
5
Suppose -f = -j + 532, 2*j + 2*f - 1116 + 52 = 0. What is the hundreds digit of j?
5
Suppose -4373 + 1498 = -5*u. What is the units digit of u?
5
Suppose 11*q + 2*p = 15*q - 2030, 0 = -5*q + p + 2545. What is the hundreds digit of q?
5
Let k(m) be the second derivative of m**5/20 - m**4/2 + m**3/6 - 9*m. What is the units digit of k(6)?
6
What is the tens digit of (-5 - (-22)/8)*1696/(-6)?
3
Suppose -5 = -66*z + 65*z. Suppose 363 = z*c - 1067. What is the tens digit of c?
8
Let s(d) = 14*d. Let j(w) be the third derivative of 5*w**4/8 + w**3/6 - 3*w**2. Let q(u) = 4*j(u) - 5*s(u). What is the tens digit of q(-4)?
4
Suppose -x = -3*q - 0*x + 24, 0 = -4*x. Let w be 2/q + (-14)/(-8). Suppose 0 = 4*i - m - 57, w*i + 4*m = 6*i - 72. What is the units digit of i?
3
Let m(c) = 12*c**2 + 2*c + 9. Let j(k) = 13*k**2 + 3*k + 8. Let p(u) = 5*j(u) - 4*m(u). What is the units digit of p(-2)?
8
Suppose 78 + 5192 = 3*j + y, 3*y + 12 = 0. What is the thousands digit of j?
1
Let l(f) = -30*f + 8. Let h be l(-4). Let w = h + -54. What is the tens digit of w?
7
Suppose -2*i + 15 = -2*k + 3*i, i - 3 = k. Suppose 0 = -o - 36 + 42. Suppose k = o*b - 118 - 80. What is the units digit of b?
3
Let l = -1845 - -2619. What is the units digit of l?
4
Let i be 269/(1*((-12)/(-4) + -2)). Let s = 398 - i. What is the units digit of s?
9
Let v(i) = i**3 + 35*i**2 - 6*i - 56. What is the hundreds digit of v(-35)?
1
Let h(g) = 34*g**3 - 4*g + 3. What is the tens digit of h(2)?
6
Let i = 739 - -248. What is the tens digit of i?
8
Let g(a) = -21*a - 34. What is the hundreds digit of g(-8)?
1
Let r = -576 - -1160. What is the hundreds digit of r?
5
Suppose 4*k - 17168 = -4*k. What is the hundreds digit of k?
1
Let t(b) = b - 1. Let d be t(6). Suppose -3 = 5*f + 2*m - 31, 0 = 5*f - d*m. Suppose 2*v = f*v - 36. What is the units digit of v?
8
Let t(d) = -d + 2. Let p be t(-3). Let l = p - 2. Suppose -4*v + 84 = 4*g - 40, l*v - g - 81 = 0. What is the units digit of v?
8
Let m = 1620 - 384. What is the units digit of m?
6
What is the thousands digit of (-43 - -46)*(-4100)/(-6)?
2
Suppose 0 = -18*a + 16*a - 3*p + 3125, 6260 = 4*a + 4*p. What is the hundreds digit of a?
5
Suppose -2*f + 46 - 14 = 0. Suppose -f*c + 17*c = 4. Suppose 2*l + c*l = 72. What is the tens digit of l?
1
Let c(g) = -2*g**2 - 81*g + 14. Let t(a) = -a**2 - 27*a + 4. Let q(l) = -3*c(l) + 8*t(l). What is the units digit of q(9)?
1
Suppose f + 2*f = -4*b - 5, 3*b + 3*f = 0. Let c(d) = 5*d**2 - 6. What is the units digit of c(b)?
9
What is the units digit of (-4)/10 - (-885)/25?
5
Let g be (-2)/(6/9) - -3. Suppose g = -3*d - 4*v + 97, 4*d - 2*d - 3*v = 42. Suppose -22*c - 35 = -d*c. What is the units digit of c?
7
Let a = -43 - -45. Suppose a*p - 245 = -95. What is the units digit of p?
5
Let g(x) = -2*x + 101. What is the units digit of g(14)?
3
Let i = -13 + -38. Suppose n + 360 = 10*m - 6*m, -5*m + 450 = -n. Let t = i + m. What is the tens digit of t?
3
Let y = 101 - -12. Suppose 2*a = y + 155. What is the hundreds digit of a?
1
Let o(d) = -d + 7. Let i be o(4). Suppose -5*r = -3*r - 90. Suppose -y = 3*a - 10, y - i*a = a + r. What is the units digit of y?
5
Suppose -4*p = 24 + 84. Let o = p + 45. What is the tens digit of o - (-1 - (-4 - -3))?
1
Let x(v) = 0*v + 2 - v**2 + 27*v**3 + v - 31*v**3. What is the units digit of x(-1)?
4
Let n be -3*(-4)/3 - (21 + -20). What is the units digit of 4/n*42 + -1 + -1?
4
What is the tens digit of 10/(-4)*70480/(-200)?
8
Let d = -801 + 1370. What is the hundreds digit of d?
5
Let w = 26 + -20. Suppose w*i - 8 = 5*i. Suppose 4*x - i = -0*x. What is the units digit of x?
2
Suppose -74*d = -183195 - 6985. What is the hundreds digit of d?
5
Let f(q) = 5*q**2 + 2*q**3 + 12 + 3*q - 3*q**3 + q**2 - 8. What is the tens digit of f(5)?
4
Let p = 294 - 116. What is the tens digit of p?
7
Let i(w) = 6*w**3 + 3*w**2 + 4*w + 2. Let y be i(-2). Let s = y + 144. What is the tens digit of s?
0
Let i(y) = y**3 + 6*y**2 - y + 4. Suppose 9 = d - 4*r, 0 = -4*d - 6*r + r - 27. Let w(j) = -j. Let q(g) = d*w(g) + i(g). What is the tens digit of q(-5)?
1
Let t = -260 - -1341. What is the units digit of t?
1
What is the units digit of ((-3)/((-9)/32))/(4/642)?
2
Let c = -20 + 23. Let b be (54/15)/((-2)/(-10)). What is the units digit of 1*b + 0/c?
8
Suppose -41*f + 2 = -39*f. What is the units digit of (-3)/(1*f/(-3))?
9
Suppose -96 = -7*i - 5*i. Suppose 2 + 6 = i*s. What is the units digit of s?
1
Suppose 2*x = -2*u + 978, -5*u = 3*x + 1386 - 3837. What is the units digit of u?
2
Let w be 9/18*(-613)/2*4. Let r = -339 - w. What is the tens digit of r?
7
Let u be 10/(-85) + (-308)/(-17). Let y = u + -21. Let a = 11 + y. What is the units digit of a?
8
Let w be -1 + 1/((-1)/31). Suppose 3*x + 0*x = 162. Let p = x + w. What is the tens digit of p?
2
Suppose -4*v - 24 = -3*t, -5*t + 6*t - 4*v - 8 = 0. Suppose -133 = t*l - 925. What is the tens digit of l?
9
Let d(c) = 3*c - 4. Let i be d(1). Let z(o) = 9*o - 1 + 1 + 11*o**2 - 7*o + 1. What is the tens digit of z(i)?
1
Let n(r) = 25*r**2 - 17*r + 23. What is the units digit of n(6)?
1
Suppose 30 = 3*d - 2*a, -4*d + 0*d + 44 = -4*a. Let h be d - -2*(-9)/6. Suppose 2*m = h*z + 61, -5*m +